{"id":68,"date":"2023-01-08T16:06:03","date_gmt":"2023-01-08T16:06:03","guid":{"rendered":"https:\/\/www.letris.ro\/web\/?page_id=68"},"modified":"2023-01-08T18:55:35","modified_gmt":"2023-01-08T18:55:35","slug":"politica-cookies","status":"publish","type":"page","link":"https:\/\/www.letris.ro\/web\/politica-cookies\/","title":{"rendered":"Politic\u0103 Cookies"},"content":{"rendered":"<section class=\"l-section wpb_row height_medium\"><div class=\"l-section-h i-cf\"><div class=\"g-cols vc_row via_grid cols_1 laptops-cols_inherit tablets-cols_inherit mobiles-cols_1 valign_top type_default stacking_default\"><div class=\"wpb_column vc_column_container\"><div class=\"vc_column-inner\"><div class=\"wpb_text_column\"><div class=\"wpb_wrapper\"><h1>Politic\u0103 Cookies<\/h1>\n<\/div><\/div><div class=\"w-separator size_small\"><\/div><div class=\"wpb_text_column\"><div class=\"wpb_wrapper\"><p>Website-ul https:\/\/www.letris.ro\/web folose\u0219te cookie-uri, care \u00eei asigur\u0103 func\u021bionarea corespunz\u0103toare, dar \u0219i cookie-uri utilizate at\u00e2t pentru a furniza informa\u021bii c\u00e2t mai relevante utilizatorilor, c\u00e2t \u0219i pentru a adapta serviciile la nevoile acestora, conform informa\u021biilor furnizate \u00een aceast\u0103 politic\u0103.<\/p>\n<\/div><\/div><\/div><\/div><\/div><\/div><\/section><section class=\"l-section wpb_row us_custom_c70c97eb height_small\"><div class=\"l-section-h i-cf\"><div class=\"g-cols vc_row via_grid cols_1 laptops-cols_inherit tablets-cols_inherit mobiles-cols_1 valign_top type_default stacking_default\"><div class=\"wpb_column vc_column_container\"><div class=\"vc_column-inner\"><div class=\"wpb_text_column\"><div class=\"wpb_wrapper\"><p><strong>Ce este un \u201ecookie\u201d?<\/strong><br \/>\nUn Cookie este un fi\u0219ier de mici dimensiuni, format din litere \u0219i numere, care se stocheaz\u0103 pe computerul, terminalul mobil sau alte echipamente ale unui utilizator de pe care se acceseaz\u0103 o anumit\u0103 pagin\u0103 de internet. Cookie-ul este instalat prin solicitare emis\u0103 de c\u0103tre un web-server unui browser (ex: Internet Explorer, Chrome, Safari, etc.) \u0219i este complet \u201epasiv\u201d (nu con\u021bine programe software, viru\u0219i sau spyware \u0219i nu poate accesa informa\u021biile de pe hard drive-ul utilizatorului). Un cookie este format din 2 p\u0103r\u021bi: numele \u0219i con\u021binutul sau valoarea cookie-ului, iar durata de existen\u021b\u0103 a unui cookie este determinat\u0103 din punct de vedere tehnic de la caz la caz.<\/p>\n<\/div><\/div><\/div><\/div><\/div><\/div><\/section><section class=\"l-section wpb_row us_custom_4fb9e5a3 height_small\"><div class=\"l-section-h i-cf\"><div class=\"g-cols vc_row via_grid cols_1 laptops-cols_inherit tablets-cols_inherit mobiles-cols_1 valign_top type_default stacking_default\"><div class=\"wpb_column vc_column_container\"><div class=\"vc_column-inner\"><div class=\"wpb_text_column\"><div class=\"wpb_wrapper\"><p><strong>Care sunt diferitele tipuri de cookie-uri?<\/strong><br \/>\nCookie-urile pot fi considerate date cu caracter personal, atunci c\u00e2nd, combinate cu identificatori unici \u0219i alte informa\u021bii primite de servere, pot fi utilizate pentru crearea de profiluri ale persoanelor fizice \u0219i pentru identificarea lor.\u00a0Un cookie poate fi clasificat dup\u0103 durata de via\u021b\u0103, provenien\u021b\u0103 \u0219i func\u021bionalitate:<\/p>\n<\/div><\/div><\/div><\/div><\/div><\/div><\/section><section class=\"l-section wpb_row us_custom_c70c97eb height_small\"><div class=\"l-section-h i-cf\"><div class=\"g-cols vc_row via_grid cols_1 laptops-cols_inherit tablets-cols_inherit mobiles-cols_1 valign_top type_default stacking_default\"><div class=\"wpb_column vc_column_container\"><div class=\"vc_column-inner\"><div class=\"wpb_text_column\"><div class=\"wpb_wrapper\"><p><strong>Clasificare av\u00e2nd \u00een vedere durata de via\u021b\u0103:<\/strong><\/p>\n<p><strong>Cookie-uri de sesiune<\/strong> \u2013 stocate temporar pe durata unei sesiuni de browser, care \u00eencepe c\u00e2nd un utilizator deschide o pagin\u0103 de browser \u0219i se termin\u0103 c\u00e2nd o \u00eenchide, acestea fiind eliminate odat\u0103 cu \u00eenchiderea browser-ului;<\/p>\n<p><strong>Cookie-uri persistente<\/strong> \u2013 stocate pe un computer sau echipament, au o durat\u0103 de via\u021b\u0103 prestabilit\u0103 tehnic pentru fiecare \u00een parte, persist\u0103 \u0219i dup\u0103 ce browser-ul\/pagina de internet respectiv\u0103 este \u00eenchis\u0103 \u0219i sunt activate de fiecare dat\u0103 c\u00e2nd utilizatorul viziteaz\u0103 site-ul web care a plasat cookie-ul (de exemplu cookie-urile plasate de Google Analytics etc.); acestea pot fi \u0219terse de c\u0103tre utilizator \u00een orice moment din set\u0103rile browser-ului folosit la navigare.<\/p>\n<p><strong>Clasificare av\u00e2nd \u00een vedere provenien\u021ba:<\/strong><\/p>\n<p><strong>Cookie-uri primare (\u201dfirst-party\u201d cookies)<\/strong> \u2013 sunt plasate de website-ul vizitat \u00een acel moment;<\/p>\n<\/div><\/div><\/div><\/div><\/div><\/div><\/section><section class=\"l-section wpb_row us_custom_4fb9e5a3 height_small\"><div class=\"l-section-h i-cf\"><div class=\"g-cols vc_row via_grid cols_1 laptops-cols_inherit tablets-cols_inherit mobiles-cols_1 valign_top type_default stacking_default\"><div class=\"wpb_column vc_column_container\"><div class=\"vc_column-inner\"><div class=\"wpb_text_column\"><div class=\"wpb_wrapper\"><p><strong>Clasificare av\u00e2nd \u00een vedere func\u021biile avute:<\/strong><\/p>\n<p><strong>Cookie-uri func\u021bionale<\/strong> \u2013 sunt module cookie care asigur\u0103 func\u021bionarea corespunz\u0103toare a website-ului (ex. pentru conectare sau \u00eenregistrare, preferin\u021be de limb\u0103, vizualizare produselor selectate in co\u0219ul de cump\u0103r\u0103turi, etc.);<\/p>\n<p><strong>Cookie-uri non-func\u021bionale (de analiz\u0103)<\/strong> \u2013 sunt plasate \u00een scopuri statistice, sociale, de targeting \u0219i comerciale (ex. num\u0103rarea num\u0103rului de vizitatori pe site, \u00eenregistrarea modului \u00een care vizitatorii utilizeaz\u0103 site-ul web, profilare \u0219i tergetare \u00een func\u021bie de preferin\u021be, etc).<\/p>\n<\/div><\/div><\/div><\/div><\/div><\/div><\/section><section class=\"l-section wpb_row us_custom_c70c97eb height_small\"><div class=\"l-section-h i-cf\"><div class=\"g-cols vc_row via_grid cols_1 laptops-cols_inherit tablets-cols_inherit mobiles-cols_1 valign_top type_default stacking_default\"><div class=\"wpb_column vc_column_container\"><div class=\"vc_column-inner\"><div class=\"wpb_text_column\"><div class=\"wpb_wrapper\"><p><strong>Cum sunt folosite cookie-urile de c\u0103tre acest website?<\/strong><br \/>\nPe acest website se pot plasa cookie-uri, dup\u0103 cum urmeaz\u0103:<\/p>\n<p>Cookie-uri strict necesare<\/p>\n<p>Aceste cookie-uri sunt esen\u021biale pentru operarea corespunz\u0103toare a func\u021bionalit\u0103\u021bilor website-ului, utilizarea acestuia corespunz\u0103toare \u0219i oferirea anumitor caracteristici \u0219i func\u021bionalit\u0103\u021bi, \u00een special:<\/p>\n<ul>\n<li>s\u0103 v\u0103 facilit\u0103m contactul cu reprezentantii nostri<\/li>\n<li>s\u0103 v\u0103 recunoa\u0219tem atunci c\u00e2nd revizita\u021bi site-ul web<\/li>\n<\/ul>\n<p>F\u0103r\u0103 aceste cookie-uri, nu pot fi furnizate serviciile complete disponibile pe website, iar refuzul lor ar putea afecta \u00een mod semnificativ experien\u021ba utilizatorului \u00een timpul navig\u0103rii pe website.<\/p>\n<p><strong>Module cookie de personalizare<\/strong><\/p>\n<p>Utiliz\u0103m solu\u021bii de personalizare pentru a \u00eembun\u0103t\u0103\u021bi calitatea informa\u021biilor \u0219i a serviciilor pe care le oferim pe site-ul web \u00een scopul de a v\u0103 satisface c\u00e2t mai bine a\u0219tept\u0103rile. Solu\u021biile de software care permit aceast\u0103 personalizare plaseaz\u0103 \u00een mod sistematic module cookie care sunt esen\u021biale pentru o func\u021bionare corespunz\u0103toare.<\/p>\n<\/div><\/div><\/div><\/div><\/div><\/div><\/section><section class=\"l-section wpb_row us_custom_4fb9e5a3 height_small\"><div class=\"l-section-h i-cf\"><div class=\"g-cols vc_row via_grid cols_1 laptops-cols_inherit tablets-cols_inherit mobiles-cols_1 valign_top type_default stacking_default\"><div class=\"wpb_column vc_column_container\"><div class=\"vc_column-inner\"><div class=\"wpb_text_column\"><div class=\"wpb_wrapper\"><p><strong>Module cookie de analiz\u0103<\/strong><\/p>\n<p>Utiliz\u0103m instrumente de analiz\u0103 web puse la dispozi\u021bie de [*]. Acestea sunt concepute pentru a permite analizarea paginii web. C\u00e2nd vizita\u021bi site-ul nostru web, informa\u021biile transmise de browser-ul dumneavoastr\u0103 sunt colectate \u0219i analizate de [*]. Datele sunt colectate prin intermediul pixelilor (semnalizatoare web) \u00eencorporate pe paginile web \u0219i prin utilizarea cookie-urilor. Datele colectate sunt stocate exclusiv pe sistemele informatice din [*] \u0219i sunt folosite pentru a crea profiluri de utilizare anonime care sunt utilizate ca baz\u0103 pentru statisticile paginii web. Cu toate acestea, utilizatorii individuali nu sunt identifica\u021bi personal \u0219i informa\u021biile nu sunt corelate cu alte date.<\/p>\n<p>Browser-ul va indica dac\u0103 ave\u021bi plasat acest cookie, iar daca nu, va genera unul. Acesta permite monitorizarea utilizatorilor unici care ne viziteaz\u0103 \u0219i c\u00e2t de des o fac. At\u00e2t timp c\u00e2t nu sunte\u021bi \u00eenregistrat pe acest website, acest cookie nu poate fi folosit pentru a identifica persoanele fizice, ele fiind folosite doar \u00een scop statistic. Dac\u0103 sunte\u021bi \u00eenregistrat, se pot vedea, de asemenea, detaliile pe care ni le-a\u021bi furnizat, cum ar fi adresa de e-mail si username-ul \u2013 acestea fiind supuse confiden\u021bialit\u0103\u021bii \u0219i prevederilor din Politica privind protec\u021bia datelor precum \u0219i prevederilor legisla\u021biei \u00een vigoare, cu privire la datele cu caracter personal.<\/p>\n<\/div><\/div><\/div><\/div><\/div><\/div><\/section><section class=\"l-section wpb_row us_custom_c70c97eb height_small\"><div class=\"l-section-h i-cf\"><div class=\"g-cols vc_row via_grid cols_1 laptops-cols_inherit tablets-cols_inherit mobiles-cols_1 valign_top type_default stacking_default\"><div class=\"wpb_column vc_column_container\"><div class=\"vc_column-inner\"><div class=\"wpb_text_column\"><div class=\"wpb_wrapper\"><p><strong>Cum pot controla plasarea de cookie-uri?<\/strong><\/p>\n<p>Cookie-urile sunt un element important pentru func\u021bionarea eficient\u0103 a Internetului, astfel \u00eenc\u00e2t s\u0103 ofere o experien\u021b\u0103 de navigare prietenoas\u0103 \u0219i adaptat\u0103 preferin\u021belor utilizatorului. Dezactivarea cookie-urilor poate determina ca unele website-uri s\u0103 nu func\u021bioneze \u00een parametri normali.<\/p>\n<p>Browser-ele permit anumite set\u0103ri de confiden\u021bialitate pentru navigare, ce furnizeaz\u0103 anumite nivele de acceptare a cookie-urilor, valabilitate a sesiunilor \u0219i \u0219tergerea automat\u0103 a acestora dup\u0103 vizitarea anumitor website-uri.<\/p>\n<p>Dezactivarea \u0219i refuzul de a primi cookie-uri func\u021bionale pot face anumite website-uri impracticabile sau dificil de vizitat \u0219i folosit. De asemenea, refuzul de a accepta cookie-uri non-func\u021bionale nu \u00eenseamn\u0103 c\u0103 nu ve\u021bi mai primi\/vedea publicitate online.<\/p>\n<p>\u00cen ceea ce prive\u0219te cookie-urile utilizate pe pagina https:\/\/www.letris.ro\/web, acestea nu vor fi folosite cu niciun alt scop dec\u00e2t cel declarat \u0219i pot fi controlate dup\u0103 cum urmeaz\u0103:<\/p>\n<\/div><\/div><\/div><\/div><\/div><\/div><\/section><section class=\"l-section wpb_row us_custom_4fb9e5a3 height_small\"><div class=\"l-section-h i-cf\"><div class=\"g-cols vc_row via_grid cols_1 laptops-cols_inherit tablets-cols_inherit mobiles-cols_1 valign_top type_default stacking_default\"><div class=\"wpb_column vc_column_container\"><div class=\"vc_column-inner\"><div class=\"wpb_text_column\"><div class=\"wpb_wrapper\"><p><strong>Informa\u021bii utile<\/strong><\/p>\n<p>Toate browser-ele moderne ofer\u0103 posibilitatea de a schimba set\u0103rile cookie-urilor. Aceste set\u0103ri se g\u0103sesc de regul\u0103 \u00een sec\u021biune \u201eop\u021biuni\u201d sau in meniul de \u201epreferen\u021be\u201d al browser-ului.<\/p>\n<p>Dac\u0103 dori\u021bi s\u0103 afla\u021bi mai multe informa\u021bii despre cookie-uri \u0219i la ce sunt utilizate, recomand\u0103m urm\u0103toarele link-uri:<\/p>\n<p>https:\/\/support.microsoft.com\/ro-ro\/help\/17442\/windows-internet-explorer-delete-manage-cookies<\/p>\n<\/div><\/div><\/div><\/div><\/div><\/div><\/section>\n","protected":false},"excerpt":{"rendered":"Politic\u0103 Cookies Website-ul https:\/\/www.letris.ro\/web folose\u0219te cookie-uri, care \u00eei asigur\u0103 func\u021bionarea corespunz\u0103toare, dar \u0219i cookie-uri utilizate at\u00e2t pentru a furniza informa\u021bii c\u00e2t mai relevante utilizatorilor, c\u00e2t \u0219i pentru a adapta serviciile la nevoile acestora, conform informa\u021biilor furnizate \u00een aceast\u0103 politic\u0103. Ce este un \u201ecookie\u201d? Un Cookie este un fi\u0219ier de mici dimensiuni, format din litere \u0219i...","protected":false},"author":1,"featured_media":0,"parent":0,"menu_order":0,"comment_status":"closed","ping_status":"closed","template":"","meta":{"footnotes":""},"class_list":["post-68","page","type-page","status-publish","hentry"],"yoast_head":"<!-- This site is optimized with the Yoast SEO plugin v27.5 - https:\/\/yoast.com\/product\/yoast-seo-wordpress\/ -->\n<title>Politic\u0103 Cookies - Letris Alfa Consulting<\/title>\n<meta name=\"description\" content=\"Un Cookie este un fi\u0219ier de mici dimensiuni, format din litere \u0219i numere, care se stocheaz\u0103 pe computerul, terminalul mobil...\" \/>\n<meta name=\"robots\" content=\"index, follow, max-snippet:-1, max-image-preview:large, max-video-preview:-1\" \/>\n<link rel=\"canonical\" href=\"https:\/\/www.letris.ro\/web\/politica-cookies\/\" \/>\n<meta property=\"og:locale\" content=\"en_US\" \/>\n<meta property=\"og:type\" content=\"article\" \/>\n<meta property=\"og:title\" content=\"Politic\u0103 Cookies - Letris Alfa Consulting\" \/>\n<meta property=\"og:description\" content=\"Un Cookie este un fi\u0219ier de mici dimensiuni, format din litere \u0219i numere, care se stocheaz\u0103 pe computerul, terminalul mobil...\" \/>\n<meta property=\"og:url\" content=\"https:\/\/www.letris.ro\/web\/politica-cookies\/\" \/>\n<meta property=\"og:site_name\" content=\"Letris Alfa Consulting\" \/>\n<meta property=\"article:modified_time\" content=\"2023-01-08T18:55:35+00:00\" \/>\n<meta name=\"twitter:card\" content=\"summary_large_image\" \/>\n<meta name=\"twitter:label1\" content=\"Est. reading time\" \/>\n\t<meta name=\"twitter:data1\" content=\"5 minutes\" \/>\n<script type=\"application\/ld+json\" class=\"yoast-schema-graph\">{\"@context\":\"https:\\\/\\\/schema.org\",\"@graph\":[{\"@type\":\"WebPage\",\"@id\":\"https:\\\/\\\/www.letris.ro\\\/web\\\/politica-cookies\\\/\",\"url\":\"https:\\\/\\\/www.letris.ro\\\/web\\\/politica-cookies\\\/\",\"name\":\"Politic\u0103 Cookies - Letris Alfa Consulting\",\"isPartOf\":{\"@id\":\"https:\\\/\\\/www.letris.ro\\\/web\\\/#website\"},\"datePublished\":\"2023-01-08T16:06:03+00:00\",\"dateModified\":\"2023-01-08T18:55:35+00:00\",\"description\":\"Un Cookie este un fi\u0219ier de mici dimensiuni, format din litere \u0219i numere, care se stocheaz\u0103 pe computerul, terminalul mobil...\",\"breadcrumb\":{\"@id\":\"https:\\\/\\\/www.letris.ro\\\/web\\\/politica-cookies\\\/#breadcrumb\"},\"inLanguage\":\"en-US\",\"potentialAction\":[{\"@type\":\"ReadAction\",\"target\":[\"https:\\\/\\\/www.letris.ro\\\/web\\\/politica-cookies\\\/\"]}]},{\"@type\":\"BreadcrumbList\",\"@id\":\"https:\\\/\\\/www.letris.ro\\\/web\\\/politica-cookies\\\/#breadcrumb\",\"itemListElement\":[{\"@type\":\"ListItem\",\"position\":1,\"name\":\"Home\",\"item\":\"https:\\\/\\\/www.letris.ro\\\/web\\\/\"},{\"@type\":\"ListItem\",\"position\":2,\"name\":\"Politic\u0103 Cookies\"}]},{\"@type\":\"WebSite\",\"@id\":\"https:\\\/\\\/www.letris.ro\\\/web\\\/#website\",\"url\":\"https:\\\/\\\/www.letris.ro\\\/web\\\/\",\"name\":\"Letris Alfa Consulting\",\"description\":\"\",\"potentialAction\":[{\"@type\":\"SearchAction\",\"target\":{\"@type\":\"EntryPoint\",\"urlTemplate\":\"https:\\\/\\\/www.letris.ro\\\/web\\\/?s={search_term_string}\"},\"query-input\":{\"@type\":\"PropertyValueSpecification\",\"valueRequired\":true,\"valueName\":\"search_term_string\"}}],\"inLanguage\":\"en-US\"}]}<\/script>\n<!-- \/ Yoast SEO plugin. -->","yoast_head_json":{"title":"Politic\u0103 Cookies - Letris Alfa Consulting","description":"Un Cookie este un fi\u0219ier de mici dimensiuni, format din litere \u0219i numere, care se stocheaz\u0103 pe computerul, terminalul mobil...","robots":{"index":"index","follow":"follow","max-snippet":"max-snippet:-1","max-image-preview":"max-image-preview:large","max-video-preview":"max-video-preview:-1"},"canonical":"https:\/\/www.letris.ro\/web\/politica-cookies\/","og_locale":"en_US","og_type":"article","og_title":"Politic\u0103 Cookies - Letris Alfa Consulting","og_description":"Un Cookie este un fi\u0219ier de mici dimensiuni, format din litere \u0219i numere, care se stocheaz\u0103 pe computerul, terminalul mobil...","og_url":"https:\/\/www.letris.ro\/web\/politica-cookies\/","og_site_name":"Letris Alfa Consulting","article_modified_time":"2023-01-08T18:55:35+00:00","twitter_card":"summary_large_image","twitter_misc":{"Est. reading time":"5 minutes"},"schema":{"@context":"https:\/\/schema.org","@graph":[{"@type":"WebPage","@id":"https:\/\/www.letris.ro\/web\/politica-cookies\/","url":"https:\/\/www.letris.ro\/web\/politica-cookies\/","name":"Politic\u0103 Cookies - Letris Alfa Consulting","isPartOf":{"@id":"https:\/\/www.letris.ro\/web\/#website"},"datePublished":"2023-01-08T16:06:03+00:00","dateModified":"2023-01-08T18:55:35+00:00","description":"Un Cookie este un fi\u0219ier de mici dimensiuni, format din litere \u0219i numere, care se stocheaz\u0103 pe computerul, terminalul mobil...","breadcrumb":{"@id":"https:\/\/www.letris.ro\/web\/politica-cookies\/#breadcrumb"},"inLanguage":"en-US","potentialAction":[{"@type":"ReadAction","target":["https:\/\/www.letris.ro\/web\/politica-cookies\/"]}]},{"@type":"BreadcrumbList","@id":"https:\/\/www.letris.ro\/web\/politica-cookies\/#breadcrumb","itemListElement":[{"@type":"ListItem","position":1,"name":"Home","item":"https:\/\/www.letris.ro\/web\/"},{"@type":"ListItem","position":2,"name":"Politic\u0103 Cookies"}]},{"@type":"WebSite","@id":"https:\/\/www.letris.ro\/web\/#website","url":"https:\/\/www.letris.ro\/web\/","name":"Letris Alfa Consulting","description":"","potentialAction":[{"@type":"SearchAction","target":{"@type":"EntryPoint","urlTemplate":"https:\/\/www.letris.ro\/web\/?s={search_term_string}"},"query-input":{"@type":"PropertyValueSpecification","valueRequired":true,"valueName":"search_term_string"}}],"inLanguage":"en-US"}]}},"_links":{"self":[{"href":"https:\/\/www.letris.ro\/web\/wp-json\/wp\/v2\/pages\/68","targetHints":{"allow":["GET"]}}],"collection":[{"href":"https:\/\/www.letris.ro\/web\/wp-json\/wp\/v2\/pages"}],"about":[{"href":"https:\/\/www.letris.ro\/web\/wp-json\/wp\/v2\/types\/page"}],"author":[{"embeddable":true,"href":"https:\/\/www.letris.ro\/web\/wp-json\/wp\/v2\/users\/1"}],"replies":[{"embeddable":true,"href":"https:\/\/www.letris.ro\/web\/wp-json\/wp\/v2\/comments?post=68"}],"version-history":[{"count":6,"href":"https:\/\/www.letris.ro\/web\/wp-json\/wp\/v2\/pages\/68\/revisions"}],"predecessor-version":[{"id":74,"href":"https:\/\/www.letris.ro\/web\/wp-json\/wp\/v2\/pages\/68\/revisions\/74"}],"wp:attachment":[{"href":"https:\/\/www.letris.ro\/web\/wp-json\/wp\/v2\/media?parent=68"}],"curies":[{"name":"wp","href":"https:\/\/api.w.org\/{rel}","templated":true}]}}